alculate the remainder when 414859 is divided by 20687.
1119
What is the remainder when 62359 is divided by 1269?
178
What is the remainder when 253901 is divided by 253862?
39
What is the remainder when 702070 is divided by 78?
70
What is the remainder when 1323797 is divided by 243?
176
Calculate the remainder when 2240140 is divided by 1527.
31
What is the remainder when 757652975 is divided by 9?
8
Calculate the remainder when 93501249 is divided by 740.
29
What is the remainder when 3455440 is divided by 1441?
1363
Calculate the remainder when 10182594 is divided by 92569.
4
Calculate the remainder when 348333 is divided by 31662.
51
What is the remainder when 497 is divided by 345?
152
Calculate the remainder when 706735 is divided by 296.
183
Calculate the remainder when 128581 is divided by 696.
517
Calculate the remainder when 986400 is divided by 557.
510
What is the remainder when 392472 is divided by 490?
472
What is the remainder when 500355 is divided by 7563?
1197
Calculate the remainder when 89091 is divided by 43705.
1681
What is the remainder when 883676 is divided by 31?
21
Calculate the remainder when 207363426 is divided by 481.
478
What is the remainder when 79658610 is divided by 227?
224
Calculate the remainder when 810319 is divided by 202579.
3
Calculate the remainder when 976650 is divided by 2570.
50
Calculate the remainder when 191411 is divided by 13.
12
What is the remainder when 68380 is divided by 32790?
2800
What is the remainder when 47784478 is divided by 40?
38
What is the remainder when 694136 is divided by 323?
9
What is the remainder when 232702 is divided by 9306?
52
Calculate the remainder when 388736648 is divided by 4987.
4985
What is the remainder when 10822174 is divided by 469?
468
What is the remainder when 794476 is divided by 1716?
1684
Calculate the remainder when 446512 is divided by 223247.
18
Calculate the remainder when 441316 is divided by 34.
30
What is the remainder when 2028358 is divided by 4307?
4068
What is the remainder when 170676 is divided by 1034?
66
Calculate the remainder when 34323607 is divided by 204.
199
Calculate the remainder when 938774 is divided by 11187.
10253
What is the remainder when 291372 is divided by 1963?
848
What is the remainder when 4774919 is divided by 931?
751
Calculate the remainder when 4224900 is divided by 211243.
40
Calculate the remainder when 304480 is divided by 33821.
91
What is the remainder when 28357 is divided by 9140?
937
Calculate the remainder when 32818 is divided by 68.
42
What is the remainder when 89798 is divided by 22391?
234
Calculate the remainder when 524114 is divided by 104669.
769
What is the remainder when 10549 is divided by 423?
397
Calculate the remainder when 3582617 is divided by 1299.
1274
Calculate the remainder when 2982722 is divided by 24852.
482
What is the remainder when 38828999 is divided by 1400?
1399
What is the remainder when 12097710 is divided by 456?
30
What is the remainder when 12356 is divided by 2589?
2000
What is the remainder when 3205425 is divided by 58?
55
Calculate the remainder when 7597914 is divided by 57.
42
What is the remainder when 7613353 is divided by 7613339?
14
Calculate the remainder when 17342462 is divided by 8142.
2
Calculate the remainder when 649492 is divided by 202.
62
What is the remainder when 5047026 is divided by 154?
138
Calculate the remainder when 958262 is divided by 47.
26
What is the remainder when 274259 is divided by 914?
59
Calculate the remainder when 639590 is divided by 6332.
58
What is the remainder when 1238420 is divided by 103197?
56
What is the remainder when 80905676 is divided by 5?
1
What is the remainder when 8865698 is divided by 4432833?
32
What is the remainder when 306802 is divided by 4145?
72
Calculate the remainder when 1115327 is divided by 337.
194
Calculate the remainder when 432543 is divided by 1724.
1543
Calculate the remainder when 18185 is divided by 10.
5
Calculate the remainder when 2085490 is divided by 5014.
4680
Calculate the remainder when 34352 is divided by 758.
242
Calculate the remainder when 362168 is divided by 326.
308
What is the remainder when 339113 is divided by 37674?
47
What is the remainder when 81182 is divided by 1176?
38
Calculate the remainder when 10599271 is divided by 4690.
4561
What is the remainder when 443345 is divided by 427?
119
Calculate the remainder when 1329406 is divided by 13.
0
Calculate the remainder when 19828934 is divided by 3191.
60
Calculate the remainder when 543954 is divided by 4181.
424
Calculate the remainder when 3780231 is divided by 118.
101
Calculate the remainder when 21743375 is divided by 804.
803
Calculate the remainder when 2526819 is divided by 105246.
915
What is the remainder when 14100 is divided by 2276?
444
What is the remainder when 635360 is divided by 2924?
852
Calculate the remainder when 605155 is divided by 37822.
3
What is the remainder when 1049537 is divided by 524766?
5
Calculate the remainder when 473714 is divided by 59213.
10
Calculate the remainder when 522727 is divided by 261319.
89
What is the remainder when 214638 is divided by 42796?
658
What is the remainder when 12475780 is divided by 83?
50
Calculate the remainder when 3212105 is divided by 163.
27
Calculate the remainder when 125689 is divided by 20749.
1195
Calculate the remainder when 1391133 is divided by 47.
27
What is the remainder when 13639 is divided by 2561?
834
What is the remainder when 55476729 is divided by 8731?
8686
Calculate the remainder when 37798 is divided by 28172.
9626
What is the remainder when 25302 is divided by 44?
2
What is the remainder when 63577471 is divided by 5721?
5719
Calculate the remainder when 174249 is divided by 416.
361
What is the remainder when 16754526 is divided by 1290?
6
Calculate the remainder when 2412521 is divided by 114879.
62
Calculate the remainder when 1141610 is divided by 164.
6
Calculate the remainder when 575738 is divided by 2054.
618
What is the remainder when 8507446 is divided by 97786?
64
What is the remainder when 118347 is divided by 59025?
297
What is the remainder when 531918 is divided by 3901?
1382
Calculate the remainder when 144102 is divided by 10607.
6211
What is the remainder when 9853528 is divided by 61202?
6
Calculate the remainder when 11437730 is divided by 2926.
2922
Calculate the remainder when 5616778 is divided by 63827.
2
What is the remainder when 377771 is divided by 446?
9
What is the remainder when 34334 is divided by 1581?
1133
Calculate the remainder when 41286 is divided by 39970.
1316
What is the remainder when 291398 is divided by 70?
58
What is the remainder when 12523400 is divided by 2504679?
5
What is the remainder when 79269 is divided by 3779?
3689
What is the remainder when 5688888 is divided by 334640?
8
What is the remainder when 4528252 is divided by 495?
487
What is the remainder when 6962847 is divided by 114?
69
Calculate the remainder when 53385 is divided by 7459.
1172
Calculate the remainder when 835579 is divided by 1088.
1083
Calculate the remainder when 14805918 is divided by 60.
18
What is the remainder when 1612712 is divided by 95?
87
What is the remainder when 134177 is divided by 11?
10
Calculate the remainder when 1167729 is divided by 261.
15
What is the remainder when 980443 is divided by 7?
2
What is the remainder when 83471509 is divided by 2833?
2830
What is the remainder when 699000 is divided by 719?
132
Calculate the remainder when 1217 is divided by 988.
229
What is the remainder when 2824195 is divided by 36?
31
What is the remainder when 214265 is divided by 53529?
149
Calculate the remainder when 152026 is divided by 75985.
56
Calculate the remainder when 1161513 is divided by 904.
777
What is the remainder when 19819527 is divided by 6877?
13
What is the remainder when 298338 is divided by 298329?
9
What is the remainder when 4010964 is divided by 1336984?
12
Calculate the remainder when 22060 is divided by 1912.
1028
What is the remainder when 73709 is divided by 72613?
1096
What is the remainder when 3076553 is divided by 58048?
9
What is the remainder when 45362511 is divided by 294?
75
What is the remainder when 5033770 is divided by 503371?
60
Calculate the re